{"id":1173,"date":"2021-02-22T03:44:30","date_gmt":"2021-02-22T03:44:30","guid":{"rendered":"https:\/\/bgal.com.mx\/bgal\/?page_id=1173"},"modified":"2024-03-01T01:58:41","modified_gmt":"2024-03-01T01:58:41","slug":"derecho-administrativo-y-regulatorio","status":"publish","type":"page","link":"https:\/\/bgal.com.mx\/?page_id=1173","title":{"rendered":"Derecho Administrativo"},"content":{"rendered":"<div class=\"fusion-fullwidth fullwidth-box fusion-builder-row-1 fusion-flex-container nonhundred-percent-fullwidth non-hundred-percent-height-scrolling\" style=\"background-color: rgba(255,255,255,0);background-position: center center;background-repeat: no-repeat;border-width: 0px 0px 0px 0px;border-color:#e2e2e2;border-style:solid;\" ><div class=\"fusion-builder-row fusion-row fusion-flex-align-items-flex-start\" style=\"max-width:1248px;margin-left: calc(-4% \/ 2 );margin-right: calc(-4% \/ 2 );\"><div class=\"fusion-layout-column fusion_builder_column fusion-builder-column-0 fusion_builder_column_1_2 1_2 fusion-flex-column fusion-animated\" data-animationType=\"slideInLeft\" data-animationDuration=\"2.5\" data-animationOffset=\"100%\"><div class=\"fusion-column-wrapper fusion-flex-justify-content-flex-start fusion-content-layout-column\" style=\"background-position:left top;background-repeat:no-repeat;-webkit-background-size:cover;-moz-background-size:cover;-o-background-size:cover;background-size:cover;padding: 5vh 5vw 0px 0px;\"><div class=\"fusion-text fusion-text-1\" style=\"transform:translate3d(0,0,0);\"><p style=\"text-align: justify;\">Nuestro equipo se encarga de la asesor\u00eda y defensa ante actos autoritarios desfavorables en los que nuestros clientes se ven inmersos, as\u00ed como en la defensa en distintos procesos administrativos sancionadores, incluyendo juicios de nulidad, litigios constitucionales y juicios de amparo.<\/p>\n<\/div><style type=\"text\/css\">.fusion-accordian  #accordion-1173-1 .panel-title a .fa-fusion-box{ color: #ffffff;}.fusion-accordian  #accordion-1173-1 .panel-title a .fa-fusion-box:before{ font-size: 16px; width: 16px;}.fusion-accordian  #accordion-1173-1 .fa-fusion-box { background-color: #212934;border-color: #212934;}.fusion-accordian  #accordion-1173-1 .panel-title a:hover, #accordion-1173-1 .fusion-toggle-boxed-mode:hover .panel-title a { color: #ec6733;}.fusion-accordian  #accordion-1173-1 .panel-title .active .fa-fusion-box,.fusion-accordian  #accordion-1173-1 .panel-title a:hover .fa-fusion-box { background-color: #ec6733!important;border-color: #ec6733!important;}<\/style><div class=\"accordian fusion-accordian\"><div class=\"panel-group\" id=\"accordion-1173-1\" role=\"tablist\"><div class=\"fusion-panel panel-default\" role=\"tabpanel\"><div class=\"panel-heading\"><h4 class=\"panel-title toggle\"><a class=\"active\" aria-expanded=\"true\" aria-selected=\"true\" aria-controls=\"140ddd648e7a3de36\" role=\"tab\" data-toggle=\"collapse\" data-parent=\"#accordion-1173-1\" data-target=\"#140ddd648e7a3de36\" href=\"#140ddd648e7a3de36\"><span class=\"fusion-toggle-icon-wrapper\" aria-hidden=\"true\"><i class=\"fa-fusion-box\" aria-hidden=\"true\"><\/i><\/span><span class=\"fusion-toggle-heading\">1. DERECHO MIGRATORIO<\/span><\/a><\/h4><\/div><div id=\"140ddd648e7a3de36\" class=\"panel-collapse collapse in\"><div class=\"panel-body toggle-content fusion-clearfix\">\n<p style=\"text-align: justify;\">Interesados en ayudar a facilitar los distintos procesos migratorios por los que atraviesan nuestros clientes, nos encargamos de acompa\u00f1arlos en cada paso de estos, brind\u00e1ndoles la asesor\u00eda y consultor\u00eda legal, as\u00ed como la gesti\u00f3n necesaria para que cumplan con sus objetivos.<br \/>Servicios:<br \/>\u2022 Visas<br \/>\u2022 Permisos<br \/>\u2022 Pasaportes<br \/>\u2022 Naturalizaciones<br \/>\u2022 Regularizaci\u00f3n de extranjeros en M\u00e9xico<br \/>\u2022 Incorporaci\u00f3n como empleadores a empresas nacionales o extranjeras<\/p>\n<\/div><\/div><\/div><div class=\"fusion-panel panel-default\" role=\"tabpanel\"><div class=\"panel-heading\"><h4 class=\"panel-title toggle\"><a aria-expanded=\"false\" aria-selected=\"false\" aria-controls=\"53a247c605cf89ff4\" role=\"tab\" data-toggle=\"collapse\" data-parent=\"#accordion-1173-1\" data-target=\"#53a247c605cf89ff4\" href=\"#53a247c605cf89ff4\"><span class=\"fusion-toggle-icon-wrapper\" aria-hidden=\"true\"><i class=\"fa-fusion-box\" aria-hidden=\"true\"><\/i><\/span><span class=\"fusion-toggle-heading\">2. DERECHO SANITARIO<\/span><\/a><\/h4><\/div><div id=\"53a247c605cf89ff4\" class=\"panel-collapse collapse \"><div class=\"panel-body toggle-content fusion-clearfix\">\n<p style=\"text-align: justify;\">En BGAL nos encargamos de ayudar a nuestros clientes a cumplir con las regulaciones requeridas, en materia sanitaria, de productos y servicios para as\u00ed aminorar los riesgos de incumplimiento.<br \/><strong>Servicios:<\/strong><br \/>\u2022 Autorizaciones y certificaciones ante COFEPRIS<br \/>\u2022 Investigaci\u00f3n, an\u00e1lisis, coordinaci\u00f3n, y obtenci\u00f3n de licencias y permisos<br \/>\u2022 Auditor\u00edas<br \/>\u2022 Monitoreo y an\u00e1lisis de tendencias y perspectivas regulatorias<br \/>\u2022 Elaboraci\u00f3n de contestaciones a los oficios emitidos por alguna autoridad<br \/>\u2022 Impugnaci\u00f3n de actos administrativos<\/p>\n<\/div><\/div><\/div><div class=\"fusion-panel panel-default\" role=\"tabpanel\"><div class=\"panel-heading\"><h4 class=\"panel-title toggle\"><a aria-expanded=\"false\" aria-selected=\"false\" aria-controls=\"57e9a172af11185d5\" role=\"tab\" data-toggle=\"collapse\" data-parent=\"#accordion-1173-1\" data-target=\"#57e9a172af11185d5\" href=\"#57e9a172af11185d5\"><span class=\"fusion-toggle-icon-wrapper\" aria-hidden=\"true\"><i class=\"fa-fusion-box\" aria-hidden=\"true\"><\/i><\/span><span class=\"fusion-toggle-heading\">PUBLICIDAD Y PROTECCI\u00d3N AL CONSUMIDOR <\/span><\/a><\/h4><\/div><div id=\"57e9a172af11185d5\" class=\"panel-collapse collapse \"><div class=\"panel-body toggle-content fusion-clearfix\">\n<p style=\"text-align: justify;\">Nuestro equipo se encarga de todo lo referente a las situaciones legales que surgen de las relaciones entre proveedores y consumidores.<br \/>\n<strong>Servicios:<\/strong><br \/>\n\u2022 An\u00e1lisis de riesgos de mercado<br \/>\n\u2022 Procedimientos por infracciones a la ley<br \/>\n\u2022 Compliance de material publicitario<br \/>\n\u2022 Quejas ante la Procuradur\u00eda Federal del Consumidor<br \/>\n\u2022 Publicidad Comparativa<br \/>\n\u2022 Publicidad Enga\u00f1osa<br \/>\n\u2022 Contratos de Adhesi\u00f3n<\/p>\n<\/div><\/div><\/div><\/div><\/div><\/div><\/div><style type=\"text\/css\">.fusion-body .fusion-builder-column-0{width:50% !important;margin-top : 0px;margin-bottom : 0px;}.fusion-builder-column-0 > .fusion-column-wrapper {padding-top : 5vh !important;padding-right : 5vw !important;margin-right : 3.84%;padding-bottom : 0px !important;padding-left : 0px !important;margin-left : 3.84%;}@media only screen and (max-width:1024px) {.fusion-body .fusion-builder-column-0{width:50% !important;order : 0;}.fusion-builder-column-0 > .fusion-column-wrapper {padding-top : 8vh !important;margin-right : 3.84%;padding-left : 4vh !important;margin-left : 3.84%;}}@media only screen and (max-width:640px) {.fusion-body .fusion-builder-column-0{width:100% !important;order : 1;}.fusion-builder-column-0 > .fusion-column-wrapper {padding-top : 5vh !important;margin-right : 1.92%;margin-left : 1.92%;}}<\/style><div class=\"fusion-layout-column fusion_builder_column fusion-builder-column-1 fusion_builder_column_1_2 1_2 fusion-flex-column fusion-animated\" data-animationType=\"slideInRight\" data-animationDuration=\"2.5\" data-animationOffset=\"100%\"><div class=\"fusion-column-wrapper fusion-flex-justify-content-flex-start fusion-content-layout-column\" style=\"background-position:left top;background-repeat:no-repeat;-webkit-background-size:cover;-moz-background-size:cover;-o-background-size:cover;background-size:cover;padding: 0px 0px 0px 0px;\"><div ><span class=\" fusion-imageframe imageframe-none imageframe-1 hover-type-zoomin\"><img decoding=\"async\" width=\"806\" height=\"933\" title=\"450\" src=\"https:\/\/bgal.com.mx\/bgal\/wp-content\/uploads\/2021\/03\/450-1.jpg\" class=\"img-responsive wp-image-1536\" srcset=\"https:\/\/bgal.com.mx\/wp-content\/uploads\/2021\/03\/450-1-200x232.jpg 200w, https:\/\/bgal.com.mx\/wp-content\/uploads\/2021\/03\/450-1-400x463.jpg 400w, https:\/\/bgal.com.mx\/wp-content\/uploads\/2021\/03\/450-1-600x695.jpg 600w, https:\/\/bgal.com.mx\/wp-content\/uploads\/2021\/03\/450-1-800x926.jpg 800w, https:\/\/bgal.com.mx\/wp-content\/uploads\/2021\/03\/450-1.jpg 806w\" sizes=\"(max-width: 640px) 100vw, 600px\" \/><\/span><\/div><\/div><\/div><style type=\"text\/css\">.fusion-body .fusion-builder-column-1{width:50% !important;margin-top : 0px;margin-bottom : 0px;}.fusion-builder-column-1 > .fusion-column-wrapper {padding-top : 0px !important;padding-right : 0px !important;margin-right : 3.84%;padding-bottom : 0px !important;padding-left : 0px !important;margin-left : 3.84%;}@media only screen and (max-width:1024px) {.fusion-body .fusion-builder-column-1{width:50% !important;order : 0;margin-top : -40px;}.fusion-builder-column-1 > .fusion-column-wrapper {margin-right : 3.84%;margin-left : 3.84%;}}@media only screen and (max-width:640px) {.fusion-body .fusion-builder-column-1{width:100% !important;order : 0;margin-top : 0;}.fusion-builder-column-1 > .fusion-column-wrapper {padding-top : 6vh !important;margin-right : 1.92%;margin-left : 1.92%;}}<\/style><\/div><style type=\"text\/css\">.fusion-body .fusion-flex-container.fusion-builder-row-1{ padding-top : 0px;margin-top : 0px;padding-right : 0px;padding-bottom : 0px;margin-bottom : 0px;padding-left : 0px;}<\/style><\/div>\n","protected":false},"excerpt":{"rendered":"","protected":false},"author":1,"featured_media":0,"parent":0,"menu_order":17,"comment_status":"closed","ping_status":"closed","template":"100-width.php","meta":{"footnotes":""},"_links":{"self":[{"href":"https:\/\/bgal.com.mx\/index.php?rest_route=\/wp\/v2\/pages\/1173"}],"collection":[{"href":"https:\/\/bgal.com.mx\/index.php?rest_route=\/wp\/v2\/pages"}],"about":[{"href":"https:\/\/bgal.com.mx\/index.php?rest_route=\/wp\/v2\/types\/page"}],"author":[{"embeddable":true,"href":"https:\/\/bgal.com.mx\/index.php?rest_route=\/wp\/v2\/users\/1"}],"replies":[{"embeddable":true,"href":"https:\/\/bgal.com.mx\/index.php?rest_route=%2Fwp%2Fv2%2Fcomments&post=1173"}],"version-history":[{"count":13,"href":"https:\/\/bgal.com.mx\/index.php?rest_route=\/wp\/v2\/pages\/1173\/revisions"}],"predecessor-version":[{"id":2098,"href":"https:\/\/bgal.com.mx\/index.php?rest_route=\/wp\/v2\/pages\/1173\/revisions\/2098"}],"wp:attachment":[{"href":"https:\/\/bgal.com.mx\/index.php?rest_route=%2Fwp%2Fv2%2Fmedia&parent=1173"}],"curies":[{"name":"wp","href":"https:\/\/api.w.org\/{rel}","templated":true}]}}