{"id":1325,"date":"2021-03-01T01:04:05","date_gmt":"2021-03-01T01:04:05","guid":{"rendered":"https:\/\/bgal.com.mx\/bgal\/?page_id=1325"},"modified":"2025-05-01T16:21:24","modified_gmt":"2025-05-01T16:21:24","slug":"aviso-de-privacidad","status":"publish","type":"page","link":"https:\/\/bgal.com.mx\/?page_id=1325","title":{"rendered":"Aviso de Privacidad"},"content":{"rendered":"<div class=\"fusion-fullwidth fullwidth-box fusion-builder-row-1 fusion-flex-container nonhundred-percent-fullwidth non-hundred-percent-height-scrolling\" style=\"background-color: rgba(255,255,255,0);background-position: center center;background-repeat: no-repeat;border-width: 0px 0px 0px 0px;border-color:#e2e2e2;border-style:solid;\" ><div class=\"fusion-builder-row fusion-row fusion-flex-align-items-flex-start\" style=\"max-width:1248px;margin-left: calc(-4% \/ 2 );margin-right: calc(-4% \/ 2 );\"><div class=\"fusion-layout-column fusion_builder_column fusion-builder-column-0 fusion_builder_column_1_1 1_1 fusion-flex-column\"><div class=\"fusion-column-wrapper fusion-flex-justify-content-flex-start fusion-content-layout-column\" style=\"background-position:left top;background-repeat:no-repeat;-webkit-background-size:cover;-moz-background-size:cover;-o-background-size:cover;background-size:cover;padding: 0px 0px 0px 0px;\"><div class=\"fusion-text fusion-text-1\" style=\"transform:translate3d(0,0,0);\"><p style=\"text-align: justify;\">La protecci\u00f3n de su privacidad es importante para BGAL Asociados, S.C. (en lo sucesivo, BGAL Asociados) ubicado en Blvr. Adolfo L\u00f3pez Mateos, n.\u00ba 2349, Piso 1-A, Col. Atlamaya, C.P. 01760, \u00c1lvaro Obreg\u00f3n, Ciudad de M\u00e9xico, M\u00e9xico. En virtud de ello, nos comprometemos a mantener su confianza protegiendo la informaci\u00f3n personal que recopilemos, as\u00ed como el uso que le demos.<\/p>\n<p>Por lo expuesto, ponemos a su disposici\u00f3n el presente Aviso de Privacidad, a fin de que conozca nuestras pr\u00e1cticas al obtener, usar, almacenar y tratar sus datos personales, de conformidad con la Ley Federal de Protecci\u00f3n de Datos Personales en Posesi\u00f3n de los Particulares y dem\u00e1s normativas aplicables (en adelante \u201cla Ley\u201d).<\/p>\n<p><strong>1. DATOS PERSONALES QUE RECOLECTAMOS<\/strong><br \/>\nUsted puede navegar por nuestro sitio web sin proporcionar datos personales, sin embargo, existen determinadas secciones en donde usted puede brindar voluntariamente dichos datos. En este caso, BGAL Asociados recolectar\u00e1 la siguiente informaci\u00f3n personal:<br \/>\n\u2013 Datos de identificaci\u00f3n.<br \/>\n\u2013 Datos de contacto.<br \/>\n\u2013 Datos acad\u00e9micos \/de educaci\u00f3n.\u2013 Datos financieros y patrimoniales.<br \/>\n\u2013 Datos de facturaci\u00f3n.<br \/>\n\u2013 Documentos con informaci\u00f3n legal o contractual, de \u00edndole p\u00fablica o privada.<br \/>\n\u2013 Im\u00e1genes de personas o documentos.<\/p>\n<p><strong>2. FINALIDAD Y USO DE LOS DATOS PERSONALES<\/strong><br \/>\nBGAL Asociados puede utilizar sus datos personales para diversas finalidades dependiendo de las circunstancias particulares en las que se recaban, pero siempre obedeciendo a las disposiciones establecidas por la Ley. En general, los datos personales que se obtienen ser\u00e1n utilizados para las siguientes finalidades:<br \/>\nI. Responder inquietudes y\/o solicitudes de informaci\u00f3n sobre los servicios espec\u00edficos que sean prestados o solicitados.<br \/>\nII. Para mantenernos en contacto con usted cuando decide enviar su curriculum-vitae.<br \/>\nIII. Informar a los solicitantes sobre los servicios legales que prestamos, incluyendo sus modalidades y honorarios<br \/>\nIV. Informar a nuestros clientes y visitantes acerca de las personas que trabajan en nuestra organizaci\u00f3n, as\u00ed como de su experiencia acad\u00e9mica y profesional.<br \/>\nV. Informar a nuestros clientes cierta informaci\u00f3n de los casos en los que hemos participado, protegiendo la informaci\u00f3n confidencial y datos personales de nuestros clientes y terceros.<br \/>\nVI. Facturar los servicios proporcionados, as\u00ed como proceder a su cobro judicial o extrajudicial.<br \/>\nVII. Proceder a la gesti\u00f3n, control, administraci\u00f3n y actualizaci\u00f3n de la base de datos de nuestros clientes y proveedores.<br \/>\nVIII. Enviarle informaci\u00f3n que pueda ser de su inter\u00e9s, sobre los servicios que prestamos.<br \/>\nIX. Controlar el acceso y mantener la seguridad de nuestras instalaciones.<\/p>\n<p><strong>3. TRANSFERENCIA DE DATOS PERSONALES<\/strong><br \/>\nEn t\u00e9rminos del art\u00edculo 68 del Reglamento de la Ley de Datos Personales y el art\u00edculo 36 de dicha ley, usted acepta y autoriza expresamente cualquier transferencia de sus datos personales que realicemos. Por lo tanto, BGAL Asociados podr\u00e1 transferir sus datos personales a terceros \u00fanicamente con el fin de cumplir con las finalidades descritas en el presente Aviso de Privacidad. BGAL Asociados tambi\u00e9n podr\u00e1 transferir sus datos personales en los casos espec\u00edficamente previstos en la Ley.<\/p>\n<p><strong>4. DERECHOS DE ACCESO, RECTIFICACI\u00d3N, CANCELACI\u00d3N Y OPOSICI\u00d3N<\/strong><br \/>\nUsted tiene derecho a conocer qu\u00e9 datos personales tenemos de usted, para qu\u00e9 los utilizamos y las condiciones de uso que les damos (Acceso).<\/p>\n<p>Asimismo, es su derecho solicitar la correcci\u00f3n de su informaci\u00f3n personal en caso de que est\u00e9 desactualizada, sea inexacta o incompleta (Rectificaci\u00f3n); que la eliminemos de nuestros registros o bases de datos cuando considere que dicha informaci\u00f3n no est\u00e1 siendo utilizada conforme a los principios, deberes y obligaciones previstos en la normativa (Cancelaci\u00f3n); as\u00ed como oponerse al uso de sus datos personales para fines espec\u00edficos (Oposici\u00f3n). Estos derechos se conocen como derechos ARCO.<\/p>\n<p>Usted podr\u00e1 ejercer los derechos anteriormente mencionados a trav\u00e9s del env\u00edo de su solicitud en los t\u00e9rminos establecidos por la Ley al correo electr\u00f3nico: general@bgal.com.mx, o bien, al domicilio especificado en el primer p\u00e1rrafo del presente aviso.<\/p>\n<p>La respuesta se enviar\u00e1 v\u00eda electr\u00f3nica a la direcci\u00f3n de correo que se especifique en la solicitud.<\/p>\n<p><strong>5. USO DE TECNOLOG\u00cdAS DE SEGUIMIENTO<\/strong><br \/>\nNuestro sitio de internet https:\/\/bgal.com.mx guarda cookies en su dispositivo para recordar sus preferencias y analizar el uso que usted hace del mismo. Si contin\u00faa navegando se entender\u00e1 que usted otorga su consentimiento para la colocaci\u00f3n y uso de dichas cookies.<br \/>\nEstos datos se recaban \u00fanicamente con los siguientes prop\u00f3sitos: generar estad\u00edsticas relativas a las visitas a nuestro sitio web, al tiempo que navega y a los sitios de referencia que puedan haberle tra\u00eddo al nuestro. Esta informaci\u00f3n tambi\u00e9n se utiliza para mantener y actualizar los perfiles de los usuarios y para adecuar o personalizar la informaci\u00f3n que se proporciona por este medio.<\/p>\n<p>Es posible deshabilitar estas tecnolog\u00edas de seguimiento en todo tipo de buscadores. A continuaci\u00f3n, y a modo de ejemplo, se se\u00f1alan los pasos que hay que seguir para deshabilitarlas en Google Chrome: Ir al men\u00fa \u201cHerramientas\u201d; dar clic en \u201cborrar datos de navegaci\u00f3n\u201d, seleccionar la opci\u00f3n \u201celiminar cookies y otros datos de sitios y de complementos\u201d, dar clic en \u201caceptar\u201d. Al deshabilitar o bloquear estos mecanismos puede suceder que nuestro sitio no funcione correctamente. Para saber m\u00e1s sobre el tema, consulte www.allaboutcookies.org\/es\/.<\/p>\n<p><strong>6. MEDIDAS DE SEGURIDAD<\/strong><br \/>\nBGAL Asociados implementa las medidas de seguridad, administrativas, t\u00e9cnicas y f\u00edsicas necesarias y a su alcance para proteger los datos personales contra da\u00f1o, p\u00e9rdida, alteraci\u00f3n, destrucci\u00f3n, as\u00ed como tambi\u00e9n, el uso, acceso o tratamiento no autorizado.<\/p>\n<p>Si usted considera que su derecho a la protecci\u00f3n de sus datos personales ha sido lesionado por alguna conducta u omisi\u00f3n de nuestra parte, o presume alguna violaci\u00f3n a las disposiciones previstas en la Ley Federal de Protecci\u00f3n de Datos Personales en Posesi\u00f3n de los Particulares, su Reglamento y dem\u00e1s ordenamientos aplicables, podr\u00e1 interponer su inconformidad o denuncia ante el Instituto Nacional de Transparencia, Acceso a la Informaci\u00f3n y Protecci\u00f3n de Datos Personales (INAI).<br \/>\nPara mayor informaci\u00f3n, le sugerimos visitar su p\u00e1gina oficial de internet www.inai.org.mx.<\/p>\n<p><strong>7. ENLACES A OTROS SITIOS WEB<\/strong><br \/>\nNuestra p\u00e1gina web www.bgal.com.mx puede, para su mejor conveniencia, contener enlaces que lo dirigir\u00e1n a otros sitios web. BGAL Asociados no ha revisado el aviso de privacidad de dichos sitios, por lo tanto, no garantiza ni se hace responsable por su contenido. Lo invitamos a leer cuidadosamente el aviso de privacidad de cada sitio web que visite en internet.<\/p>\n<p><strong>8. CAMBIOS AL AVISO DE PRIVACIDAD<\/strong><br \/>\nEl presente aviso de privacidad puede sufrir modificaciones, cambios o actualizaciones derivadas de nuevos requerimientos legales, de nuestras propias necesidades por los servicios que ofrecemos, de nuestras pr\u00e1cticas de privacidad o por otras causas. Nos comprometemos a mantenerlo informado sobre los cambios que pueda sufrir el presente aviso de privacidad, a trav\u00e9s de nuestro sitio web: www.bgal.com.mx<\/p>\n<p><strong>9. CONTACTO<\/strong><br \/>\nEn caso de tener dudas o comentarios respecto del presente Aviso de Privacidad, le pedimos contactarnos a trav\u00e9s de la siguiente direcci\u00f3n de correo electr\u00f3nico general@bgal.com.mx, o bien, al domicilio mencionado en el primer p\u00e1rrafo del presente aviso.<\/p>\n<\/div><\/div><\/div><style type=\"text\/css\">.fusion-body .fusion-builder-column-0{width:100% !important;margin-top : 0px;margin-bottom : 20px;}.fusion-builder-column-0 > .fusion-column-wrapper {padding-top : 0px !important;padding-right : 0px !important;margin-right : 1.92%;padding-bottom : 0px !important;padding-left : 0px !important;margin-left : 1.92%;}@media only screen and (max-width:1024px) {.fusion-body .fusion-builder-column-0{width:100% !important;order : 0;}.fusion-builder-column-0 > .fusion-column-wrapper {margin-right : 1.92%;margin-left : 1.92%;}}@media only screen and (max-width:640px) {.fusion-body .fusion-builder-column-0{width:100% !important;order : 0;}.fusion-builder-column-0 > .fusion-column-wrapper {margin-right : 1.92%;margin-left : 1.92%;}}<\/style><\/div><style type=\"text\/css\">.fusion-body .fusion-flex-container.fusion-builder-row-1{ padding-top : 0px;margin-top : 0px;padding-right : 0px;padding-bottom : 0px;margin-bottom : 0px;padding-left : 0px;}<\/style><\/div>\n","protected":false},"excerpt":{"rendered":"","protected":false},"author":1,"featured_media":0,"parent":0,"menu_order":8,"comment_status":"closed","ping_status":"closed","template":"100-width.php","meta":{"footnotes":""},"_links":{"self":[{"href":"https:\/\/bgal.com.mx\/index.php?rest_route=\/wp\/v2\/pages\/1325"}],"collection":[{"href":"https:\/\/bgal.com.mx\/index.php?rest_route=\/wp\/v2\/pages"}],"about":[{"href":"https:\/\/bgal.com.mx\/index.php?rest_route=\/wp\/v2\/types\/page"}],"author":[{"embeddable":true,"href":"https:\/\/bgal.com.mx\/index.php?rest_route=\/wp\/v2\/users\/1"}],"replies":[{"embeddable":true,"href":"https:\/\/bgal.com.mx\/index.php?rest_route=%2Fwp%2Fv2%2Fcomments&post=1325"}],"version-history":[{"count":5,"href":"https:\/\/bgal.com.mx\/index.php?rest_route=\/wp\/v2\/pages\/1325\/revisions"}],"predecessor-version":[{"id":2322,"href":"https:\/\/bgal.com.mx\/index.php?rest_route=\/wp\/v2\/pages\/1325\/revisions\/2322"}],"wp:attachment":[{"href":"https:\/\/bgal.com.mx\/index.php?rest_route=%2Fwp%2Fv2%2Fmedia&parent=1325"}],"curies":[{"name":"wp","href":"https:\/\/api.w.org\/{rel}","templated":true}]}}